01010101
In base 13, what is -8 + -41b5c?
-41b67
In base 15, what is bb - -3b2?
47d
In base 2, what is -101 - 100001000101001111?
-100001000101010100
In base 13, what is -18c6 + -81?
-1977
In base 15, what is -2826e0 + 3?
-2826dc
In base 3, what is -2212022102 - 1000?
-2212100102
In base 10, what is 3466 + -34?
3432
In base 7, what is 4 + 521646?
521653
In base 5, what is -1 + -34123203?
-34123204
In base 9, what is -18 - -27052?
27033
In base 9, what is 211 + 56?
267
In base 2, what is -10100001110011000110 - 100?
-10100001110011001010
In base 10, what is 24 - 15063?
-15039
In base 14, what is 2497 - 7?
2490
In base 8, what is -402 + -4255?
-4657
In base 11, what is 4 + 686?
68a
In base 4, what is 1 - 2232233?
-2232232
In base 13, what is 7 + bc7b1?
bc7b8
In base 10, what is -338 - 1222?
-1560
In base 10, what is 4 - 65563?
-65559
In base 13, what is 29a0 - -732?
3402
In base 14, what is -d30 - -8?
-d26
In base 8, what is 26 - -76273?
76321
In base 5, what is 1242114412 + -4?
1242114403
In base 15, what is b5 + -6?
ae
In base 8, what is 226 + -1767?
-1541
In base 5, what is -1023 + -1014?
-2042
In base 16, what is 28d - -436?
6c3
In base 3, what is -10 - -11202022?
11202012
In base 3, what is 11111100122 + 12?
11111100211
In base 14, what is ab + 53?
120
In base 10, what is 123532 + 6?
123538
In base 3, what is 2220222002 - 12?
2220221220
In base 16, what is -5d033 + 5?
-5d02e
In base 4, what is 11 + 1010120?
1010131
In base 10, what is -6 + -2068?
-2074
In base 7, what is -241006 + 0?
-241006
In base 15, what is 88964 - -4?
88968
In base 7, what is 53 - 20151?
-20065
In base 12, what is 1a529a + 2?
1a52a0
In base 16, what is 38470 - -23?
38493
In base 10, what is 4269 + -7?
4262
In base 4, what is 2222132001 + -10?
2222131331
In base 6, what is 110 - 113352?
-113242
In base 2, what is -111000110 + 100100000110?
11101000000
In base 6, what is 1451004 - -2?
1451010
In base 16, what is 516f + 1?
5170
In base 7, what is -3 + 3643631?
3643625
In base 3, what is -21210112102 + -10?
-21210112112
In base 4, what is 3111111 + -3?
3111102
In base 8, what is 14101 + 145?
14246
In base 16, what is -3e3d - 0?
-3e3d
In base 2, what is -100011110100001 - 10?
-100011110100011
In base 7, what is -2451125 - -4?
-2451121
In base 6, what is -22011 + 210?
-21401
In base 15, what is -140dd - 4?
-140e2
In base 13, what is -31 - 1066?
-1097
In base 3, what is 110211 - 20221100?
-20110112
In base 5, what is 43102 + 13104?
111211
In base 14, what is 4 + 10b75a?
10b760
In base 12, what is 6659 + 3?
6660
In base 7, what is -3060226 - -6?
-3060220
In base 13, what is 31985 - 30?
31955
In base 4, what is 300303230 - -3?
300303233
In base 11, what is a149 + 4?
a152
In base 16, what is -1927 + 51?
-18d6
In base 11, what is -3 + -74180?
-74183
In base 16, what is -2890 + -7?
-2897
In base 3, what is -10222121 - -212?
-10221202
In base 11, what is -2 - 65568?
-6556a
In base 5, what is 44 + 234320?
234414
In base 4, what is 23121020 - 3?
23121011
In base 14, what is 10b - 5730?
-5623
In base 7, what is -5 - 660615?
-660623
In base 3, what is -101 - 221122?
-222000
In base 4, what is 30133021 + -12?
30133003
In base 8, what is 5 - -10302?
10307
In base 9, what is -147 - -13865?
13717
In base 10, what is 523 + -23?
500
In base 13, what is 1 - -875a?
875b
In base 3, what is -1001 + 100002202?
100001201
In base 16, what is 5f31 - 6d?
5ec4
In base 5, what is -1 - 244220?
-244221
In base 13, what is -138272 - 3?
-138275
In base 13, what is -2 + 18a9?
18a7
In base 11, what is -27 + 318?
2a1
In base 3, what is 200 + -11011120211?
-11011120011
In base 11, what is 16 + 11708?
11723
In base 5, what is -1231443 + -2?
-1232000
In base 10, what is -29 + 12119?
12090
In base 14, what is 4 - -a828?
a82c
In base 9, what is 2431442 - -4?
2431446
In base 4, what is -22 + -100011?
-100033
In base 8, what is 5 - 3026535?
-3026530
In base 2, what is 11110000101010111 + 10?
11110000101011001
In base 3, what is 211221 - -1100122?
2012120
In base 13, what is -1b3a + -b5?
-1c22
In base 8, what is -13246 + 37?
-13207
In base 7, what is 110 - 15064?
-14654
In base 16, what is 1d221 - -b?
1d22c
In base 12, what is -1 + 4935?
4934
In base 16, what is -2 - b71?
-b73
In base 13, what is -536626 + 5?
-536621
In base 13, what is 54 + b427?
b47b
In base 15, what is 3 - -1177?
117a
In base 6, what is 1 - -104403?
104404
In base 3, what is -212122111221 + 2?
-212122111212
In base 13, what is -680a + -12?
-681c
In base 6, what is 2 - -4320301?
4320303
In base 9, what is 2 + 4738?
4741
In base 3, what is -20002200 - -211012?
-12021111
In base 10, what is 32348 - -42?
32390
In base 9, what is -613 + -807?
-1521
In base 6, what is -1 + -1220103?
-1220104
In base 2, what is -1110000000100010001 + 11?
-1110000000100001110
In base 3, what is -1010202000 - -2112?
-1010122111
In base 12, what is -16867 - -21?
-16846
In base 6, what is 11 + -51052?
-51041
In base 11, what is -4 + 1a07?
1a03
In base 11, what is 243aa + -6?
243a4
In base 8, what is -26135 - 4?
-26141
In base 5, what is -1 + -33004422?
-33004423
In base 15, what is -eec - -2?
-eea
In base 2, what is -110001111111 + -1011011?
-110011011010
In base 12, what is -56836 + 3?
-56833
In base 12, what is 6a7 + -13?
694
In base 12, what is -33 + -19a0?
-1a13
In base 3, what is -1112 + -112210?
-121022
In base 14, what is 1bb11 - -5?
1bb16
In base 4, what is 0 + 3033330233?
3033330233
In base 10, what is 1 + -422609?
-422608
In base 16, what is -5 + ab0c?
ab07
In base 15, what is 24 + -15a9?
-1585
In base 14, what is 403 - 131?
2b2
In base 14, what is 4a8146 - 5?
4a8141
In base 9, what is 3 + 13707?
13711
In base 10, what is 193 - 34515?
-34322
In base 11, what is 1855743 + 4?
1855747
In base 14, what is -1c5 + a9?
-11a
In base 5, what is 31 - -20301120?
20301201
In base 10, what is 480 - -1020?
1500
In base 2, what is 1111100110 + -11101001111?
-1101101001
In base 5, what is -132340 + 1002?
-131333
In base 10, what is 11519 - 221?
11298
In base 8, what is -2 + -377502?
-377504
In base 3, what is -1 - 2202120212112?
-2202120212120
In base 10, what is 20733 - 26?
20707
In base 2, what is -10101000001111101000 - 10?
-10101000001111101010
In base 2, what is 0 + -100100011001110010?
-100100011001110010
In base 14, what is 18347 - 5?
18342
In base 14, what is -5 + -1485d?
-14864
In base 9, what is -20635 - 22?
-20657
In base 13, what is b7 - -2b1?
398
In base 12, what is 148 + -4b?
b9
In base 5, what is -1332211 + -400?
-1333111
In base 7, what is 1410 - 11131?
-6421
In base 13, what is aba - -3?
ac0
In base 10, what is 409488 + 2?
409490
In base 15, what is -4 - b57b?
-b580
In base 15, what is 4 + -1a88d?
-1a889
In base 4, what is 10001031 + 3?
10001100
In base 7, what is 63 - 21105?
-21012
In base 4, what is 3032 + -3101220?
-3032122
In base 9, what is -70305 + 2?
-70303
In base 14, what is 3228 + 159?
3383
In base 3, what is 2 + -210110?
-210101
In base 7, what is 11033 + 11?
11044
In base 10, what is -2 - -143554?
143552
In base 9, what is 41 + 8885?
10036
In base 6, what is -12403 - 252?
-13055
In base 5, what is -103 - -14200404?
14200301
In base 7, what is 2015206 - -1?
2015210
In base 9, what is 1172748 - 2?
1172746
In base 2, what is 11001 + -10001101001100?
-10001100110011
In base 12, what is 23b4 - 15?
239b
In base 13, what is 143 + -203?
-90
In base 16, what is -23633 - 0?
-23633
In base 15, what is d25 + 241?
1066
In base 9, what is -6 + 408208?
408202
In base 5, what is 131032 - 3014?
123013
In base 6, what is -3 + -214334?
-214341
In base 5, what is -23200102 + -1?
-23200103
In base 6, what is -22105 + 442?
-21223
In base 4, what is -10 - -1022323113?
1022323103
In base 8, what is -4701 + -27?
-4730
In base 3, what is -21210 - 22110?
-121020
In base 9, what is 2528 - -262?
2801
In base 5, what is 2000402 - 4?
2000343
In base 11, what is 14 - -679?
692
In base 9, what is -4 - 43368?
-43373
In base 15, what is 3cd3 - -a?
3cdd
In base 5, what is -3 + -14312313?
-14312321
In base 4, what is 32 - -201301103?
201301201
In base 3, what is -220211210 - 212?
-220212122
In base 11, what is 9 + -1375?
-1367
In base 16, what is 7a361 - -4?
7a365
In base 9, what is -5 - -808541?
808535
In base 10, what is 3 + 813689?
813692
In base 3, what is 12222 + 201210?
221202
